(1). What are the prime factors of 15/(-2)*x/30?
2, 3
Let r be -95 - (-2)/(-3)*-3. List the prime factors of 2/(r/33 - -3).
11
Let z(h) = h**3 - 9*h**2 + 9*h - 6. Let m be z(8). Suppose -m*b = -5*b + 18. What are the prime factors of 14 + b/((-9)/3)?
2, 3
Let a(y) = -y**2 + 1. Let f be a(0). Suppose 4*j - 323 = 3*n, -4*n - f - 3 = 0. Suppose -5*h - 20 = -j. What are the prime factors of h?
2, 3
Let a(i) = -i**3 + 3*i**2 - i. Let t be a(2). Suppose -t*v = -3*v. Suppose -n + 6*n - 15 = v. List the prime factors of n.
3
Let p = 2 - -4. Let o = p + -2. Suppose o*q - 29 = -b, -5*q + 14 = 3*b - 17. What are the prime factors of q?
2
Let h(r) = -2*r - 2. Let p be h(-2). Suppose -28 = p*t - 4*t. Suppose -t + 79 = 5*y. List the prime factors of y.
13
What are the prime factors of (-14)/119 - 325/(-17)?
19
Let t be (2 - 0)*(7 + -3). Let i = 22 - t. List the prime factors of i.
2, 7
Suppose -k - 6 = -5*p + 2*p, -2*k - 4*p = -28. Let d = k - 4. List the prime factors of d.
2
Let c(g) = g**3 + 10*g**2 - 7*g - 4. What are the prime factors of c(-5)?
2, 3, 13
Let m = -6 + 5. Let f(c) = -8*c**3 - 2*c**2 + 1. List the prime factors of f(m).
7
Suppose 2*o - 2*a + 5*a = -6, 5 = -o - a. Let h = o + 35. List the prime factors of h.
2, 13
Let o = 11 - 4. List the prime factors of o.
7
Let v(t) = t**3 + 12*t**2 + 11*t + 11. List the prime factors of v(-11).
11
Suppose 8 = -5*g + q, 3*q + 0 = g - 4. List the prime factors of (-23)/g - (-3)/(-6).
11
Suppose 14 = 2*n - 2*r - 20, r + 55 = 3*n. List the prime factors of n.
19
Suppose 8*l - 3*l - 90 = 0. What are the prime factors of l?
2, 3
What are the prime factors of 36 - (1 - (4 - 0))?
3, 13
Suppose 14 = 2*v - 0. Let s = 17 - v. List the prime factors of s.
2, 5
What are the prime factors of 3/(-2)*(1 + 2164/(-12))?
269
Let v = -45 - -20. List the prime factors of (-3)/6 + v/(-2).
2, 3
Let a be (-469)/21 - 4/6. Let u = 50 + a. List the prime factors of u.
3
Let m(p) = -60*p + 18. What are the prime factors of m(-4)?
2, 3, 43
Let u(b) = -b - 3. Let o be u(-3). Let m = -2 + o. What are the prime factors of m*(-1)/2 + 9?
2, 5
Suppose -14 = 5*l + 26. Let o = 0 + 20. Let v = l + o. List the prime factors of v.
2, 3
Let k = -1 - -3. Suppose k*v - 12 = -2. Suppose -5*q + z + 33 = -z, v*q = 4*z + 31. What are the prime factors of q?
7
Suppose -3*o = 4*t + 12 + 2, 4*o + 5*t = -17. Let b(v) = -v + 4. Let d be b(o). Suppose -3*y - 45 = -d*f - 8*y, -3*y = -2*f + 5. List the prime factors of f.
2, 5
Let w(j) = -15*j + 3. List the prime factors of w(-4).
3, 7
Let l = 3 - 0. Suppose g = -0 + 2. Suppose l*b - 10 = -g*b. What are the prime factors of b?
2
Let v(r) = -r - 6. Let p be v(-6). Let z = 1 - p. Suppose -15 - z = -2*j. What are the prime factors of j?
2
Let g(x) be the first derivative of -2*x**3/3 - 3*x**2 - 6*x - 2. Let f be g(-4). Let i = -2 - f. What are the prime factors of i?
2, 3
Let u = -4 - -6. Suppose -u*x + 15 = x. What are the prime factors of x?
5
Let g(n) = -n**2 + n + 26. List the prime factors of g(0).
2, 13
Let l = 52 - 42. List the prime factors of l.
2, 5
Suppose 8*k - 4*k = 4*g + 552, 0 = k - 2*g - 138. What are the prime factors of k?
2, 3, 23
Let m(a) = 5*a - 12. What are the prime factors of m(9)?
3, 11
Suppose 350 = 3*x - 2*x - 3*w, -3*w = x - 326. List the prime factors of x.
2, 13
Let f = -79 + 154. List the prime factors of f.
3, 5
Let p(n) = -n**3 - 4*n**2 + 6*n + 2. Let i be p(-5). Let y = 0 - i. Suppose -2*j + 50 = y*j. List the prime factors of j.
2, 5
Let f = 3 - 13. Let c(w) = w**2 - 3. Let z be c(3). List the prime factors of (-8)/z*75/f.
2, 5
Suppose -2 = -2*k - 42. What are the prime factors of (k + -1)/(9/(-6))?
2, 7
List the prime factors of (-118 + 13)*(-2 - 5/(-3)).
5, 7
Suppose -204 = -0*g - 3*g + 3*m, -4*m = 3*g - 218. What are the prime factors of g?
2, 5, 7
Let l(v) = -v**2 + 24*v + 30. List the prime factors of l(16).
2, 79
Let q = 4 + -3. Let j = q + -1. Suppose 0 = n - j*b - 2*b - 13, 0 = -2*n - 3*b + 5. What are the prime factors of n?
7
Let s be 6*(-3)/(-6) - 1. List the prime factors of (9/(-12) + s)*8.
2, 5
Suppose -210 = -m + 5*y, m - 5*y = -2*m + 590. Suppose 4*s - m = -s. What are the prime factors of s?
2, 19
Suppose m - 55 = -5*z, -2*m + 22 = -0*z + 2*z. Suppose 2*s - s = z. List the prime factors of s.
11
Let l(h) = h**2 + 11*h + 11. Let t be l(-11). Suppose -t*f + 120 = -8*f. List the prime factors of f.
2, 5
Suppose 0 = -5*o - 4*l + 4, 2*l + 8 = 4*o + 4*l. Suppose o*r = -r + 50. What are the prime factors of r?
2, 5
Let o(z) = -59*z + 51. List the prime factors of o(-3).
2, 3, 19
Suppose p = -3*o + 255, -4*p = -3*o - o + 356. List the prime factors of o.
2, 43
Suppose 0*z - 3 = -z. Let p(m) = -3*m**2 - z*m - m**2 - m - m**3. List the prime factors of p(-3).
3
Let d = -87 + 131. Let b = -18 + d. What are the prime factors of b?
2, 13
Let o = -5 - -4. Let s be -2 + (1 + o - -8). Suppose u + s = 2*u. List the prime factors of u.
2, 3
Let d = -5 + 7. Suppose -r = d*r - 6. Suppose 50 = r*k + 3*k. What are the prime factors of k?
2, 5
Suppose 4*m - 82 = -2*x - 0*x, 3*m - 39 = -x. Suppose -4*j - h = -x, -j + 5*j - 5*h = 63. What are the prime factors of j?
2, 3
Suppose 3 = 2*v - 0*v + 5*g, 0 = -5*v - 5*g + 15. Suppose -4 + 13 = 3*f, -3*p + v*f = -21. What are the prime factors of p?
11
Let w(f) be the third derivative of f**4/24 + 4*f**3/3 - f**2. Let q(x) = -2*x**3 + 3*x**2 - 1. Let k be q(2). List the prime factors of w(k).
3
Suppose -u - 4*p = -4*u - 10, 5*u + p = 14. Suppose -u*l - 33 = -3*l. List the prime factors of l.
3, 11
What are the prime factors of (-4 - (-12)/4)*-62?
2, 31
Suppose 2*f + 104 = 4*f. What are the prime factors of f?
2, 13
Let f(m) = 2*m**2 + 10*m - 1. Let j(b) = -24*b - 2*b**2 + 13*b + 0 + 0. Let y(d) = 5*f(d) + 4*j(d). What are the prime factors of y(-5)?
3, 5
What are the prime factors of (2/(-4))/((-3)/132)?
2, 11
Let z be ((-5)/4)/((-1)/(-8)). Let j = 22 + z. Let r = j + -7. List the prime factors of r.
5
What are the prime factors of (-1)/((-2)/(-10)) - -97?
2, 23
Let p be 18/(-3) - -2 - 0. Let z = -3 - p. Let y = z + 1. What are the prime factors of y?
2
Let j = -3 + 5. Suppose 16 = 2*s + 3*b, 2*b = -j*s - 3*b + 24. List the prime factors of s.
2
Let y be (24/(-3))/(1/(-2)). Let h = y - 5. List the prime factors of h.
11
Let a(i) be the third derivative of i**5/60 + i**4/3 - i**3/2 + 3*i**2. What are the prime factors of a(-9)?
2, 3
Suppose 6 = 4*p - 10. Let x be (6/(-9))/(p/(-18)). Suppose x*c + c - 44 = 0. What are the prime factors of c?
11
Suppose 0*o + 5*o - 345 = 0. Let r be o/(-3)*2/1. What are the prime factors of 6/15 - r/10?
5
Let z be 2/((0 - 1) + -1). What are the prime factors of (z - -3)/((-4)/(-8))?
2
Let m be ((-1)/3)/(11/(-330)). Let b = m - 5. List the prime factors of b.
5
Suppose v + 2*s - 9 = 0, 0*s = -v + s + 3. Suppose -3 + 13 = -2*n, n + 50 = v*y. What are the prime factors of y?
3
Let i(k) be the third derivative of k**6/120 - k**5/30 + k**4/8 - k**3/3 - k**2. What are the prime factors of i(2)?
2
What are the prime factors of ((-111)/4)/(9/(-24))?
2, 37
Let v(a) = 3*a - 16. Let z be v(13). Suppose 2 = c - z. List the prime factors of c.
5
Suppose 2*j = -2*w + 10, 2*j - 7 = w - 3. Suppose -n = -j*n + 14. Suppose 0 = 2*l - n - 1. What are the prime factors of l?
2
Suppose 18 = 2*g + 3*d, 2*g - d = 9 + 1. What are the prime factors of 54/10 + g/(-15)?
5
Suppose 2*d - 165 = -61. What are the prime factors of d?
2, 13
Let q = 7 + -7. Suppose -3*h - h = q. Suppose h*t + 3*t = 30. What are the prime factors of t?
2, 5
Suppose -2*j + 3 = 1, 3*g - 65 = -2*j. Let z be (6 - g)*(-2)/6. Suppose 4*d = z*f - 15, 4*d = -3*f + f + 34. What are the prime factors of f?
7
Let w = 30 - -40. List the prime factors of w.
2, 5, 7
Let s = -195 - -305. What are the prime factors of s?
2, 5, 11
Let y(t) = t + 26. List the prime factors of y(0).
2, 13
Let u(j) = -j**2 + 7*j - 8. Let y be u(5). Suppose -y = -v + 10. List the prime factors of v.
2, 3
Let u(i) = 2*i - 11. Let a(l) be the second derivative of l**3/2 - 6*l**2 - l. Let c(b) = 3*a(b) - 4*u(b). What are the prime factors of c(6)?
2, 7
Suppose -26 + 16 = -5*k. Suppose -22 + 6 = -k*q. What are the prime factors of q?
2
Suppose -x = x + 12. Let l = x - -4. List the prime factors of 